 -5 - 22 - (23 + -32) - -4?
-14
Evaluate (-31 - -57) + (0 - (9 + 76)).
-59
What is the value of -3 - -9 - ((-96 - -74) + (15 - -4))?
9
What is (-11 - (-7 - (-47 + (-12 - -7)))) + -11?
-67
-148 + (70 - 41) + 43
-76
What is -1 + 17 + 130 + -40 + -130?
-24
25 - -28 - ((8 - (-17 - 0)) + -9)
37
Evaluate 72 + -129 + 24 + 17.
-16
Evaluate 3 + -11 - (-19 + (0 - -35) - 14).
-10
Evaluate -30 + -1 + 59 + -79 + -1 + 8.
-44
Calculate 7 - (41 - 57 - (1 + -64)).
-40
Calculate (64 - 43) + -12 - (1 + 2 - (3 + -24)).
-15
-32 - -42 - (67 - (-15 - (0 + -3)))
-69
What is (-1 - (24 + -22)) + -7 + -11 + 16?
-5
Calculate 61 + (-223 + 275 - 65 - (1 + -7 + -1)).
55
What is the value of -13 + (6 - 2) + 92 + -67?
16
What is the value of 60 - (-53 + 49) - 111?
-47
Evaluate 0 - -3 - ((99 - -1) + (-610 - -571)).
-58
What is -23 + (25 - -1 - (366 - 347)) - 99?
-115
What is the value of (15 - 41 - 15 - -28) + (3 - 94)?
-104
Evaluate (3 - 7 - (39 + 20 + -34)) + 13 + 128.
112
What is -10 - ((11 - (-9 + 13 + (-4 - 0))) + 24)?
-45
2 + -55 - (-580 + 574)
-47
Evaluate 24 + -18 - (50 + (-95 - 25)).
76
(-16 - (-3 - -2) - (40 + -51 + -1)) + 67
64
Calculate 21 - -5 - (118 + (2 - -1)).
-95
What is 20 + -8 - (75 - 1)?
-62
Evaluate -14 + ((9 - 3) + 0 - (7 + -6)).
-9
Evaluate -88 - -24 - (-15 + -6 + -6).
-37
What is 66 + 5 + 5 - (-1 + -13 + 20 + -18)?
88
(-1 - 1) + -2 + (-25 - -72) + -64
-21
What is the value of (30 - -16 - 38) + (1 - (-3 - -5 - -33))?
-26
Calculate 18 + 61 - (53 + 29).
-3
(46 - 36) + 37 - 53
-6
What is the value of 45 + -60 + -27 - -46?
4
-7 - 5 - ((-19 - 135) + 13 + 6 + -2)
125
Calculate ((2 - 0) + -13 - (14 + -23)) + -5.
-7
Evaluate 39 + (-189 + 180 - (-2 + (-11 - -1))).
42
What is the value of 6 + -48 + (3 + 0 - 6) + (53 - 57)?
-49
What is 14 + 1 + 283 + -253 + 22 - 2?
65
What is the value of 128 + -80 + -34 + -8?
6
What is -12 + -21 + (-14 + 1 - -27)?
-19
Evaluate 9 + (7 - (4 + 0)) - (3136 - 3099).
-25
0 + 3 + 0 + (-1 - 2) - (5558 + -5597)
39
What is the value of (35 - -8 - 80) + 29 + -2?
-10
Evaluate 1 - (-29 - (-87 + -25)).
-82
Calculate 2 + -3 + (3 + 4 + (6 - 2) - -10).
20
What is the value of -3 - ((19 - 76) + 39)?
15
-50 + (3 - 109 - -206)
50
What is (-4 + 12 - -71) + -18?
61
Evaluate -1 + -41 + 61 + -85 + 20 + -9.
-55
-6 - 1 - (2 + -8)
-1
Evaluate -1456 - -1622 - (3 - 2 - -17 - 1).
149
Evaluate 5 - (2 + 2 + -1) - (675 + -694).
21
Evaluate -8 + -3 + 0 + (84 - 105) - -14.
-18
Evaluate (4 - ((-2 - -2) + 0)) + (-70 - -69 - -52).
55
What is the value of 43 - ((72 - 50 - 40) + 0 + -2)?
63
5 + (-3 - -3) + (90 - 68)
27
What is the value of -1059 - -1008 - (2 + -21)?
-32
Calculate -30 - ((-84 - -57) + 8 + -12).
1
What is the value of -4 - (-12 + (13 - 3) + 16 + -7)?
-11
Evaluate 84 + -94 + 3 - (-82 - -3 - (-1 - -2)).
73
What is (-153 - -6 - -191) + (3 - (1 + (1 - 1)))?
46
Calculate -30 - (6 + -54) - (0 - -44).
-26
Evaluate 0 - 20 - (-155 + 116 - -18).
1
(519 - 485) + -3 + -113
-82
What is 3 - ((3 - -4) + 5 + -8) - 50?
-51
What is the value of -2359 - -2262 - (-51 - 1)?
-45
-39 + -33 + 74 - 32
-30
What is (-11 + 47 - 31) + -11?
-6
(12 - -1) + (7 - (34 + -8 + -5)) - 55
-56
Calculate (-7 - -21) + 5 + -15 + (-40 - 3).
-39
What is -106 + (-10 - -139 - -84)?
107
Evaluate -1 + (0 + 7 - (88 - 93)).
11
What is 2 - -4 - (-70 + 82) - 30?
-36
What is the value of (99 - (-76 - -208)) + (166 - -2)?
135
-57 - 4 - -8 - (375 - 411)
-17
What is (-40 - -11) + 13 + -9 + -18?
-43
What is (51 - 27) + -7 + -1 + -33 + (-8 - 5)?
-30
What is 3 + -2 - (-1 + 93 + -52)?
-39
Calculate (374 - 341) + (6 - 4 - -3).
38
Calculate -95 + -19 + 226 + -130.
-18
Evaluate -86 + (12 - -25) - (-5 - (3 - 4)).
-45
What is the value of 53 - (7 - (-38 - 25))?
-17
What is the value of -7 + -428 + 422 + -14 + 2?
-25
Evaluate 10 + 2 - (-23 + (-10 - -12) - 9).
42
What is (1 - (11 + -31)) + 43 + -13 + 71?
122
What is -32 + -54 - -20 - 30?
-96
-8 + (5 + -1 + -6 - -5) + (-1422 - -1363)
-64
What is 78 - (41 + (24 - 29) - 57)?
99
What is (-51 + 0 - (-649 + 631)) + 124?
91
-37 + (422 + -455 - (4 + -10))
-64
Evaluate (-28 - 36) + 366 + -287.
15
What is the value of -171 + 23 + -66 + 93 + -4?
-125
What is 33 + -48 - (3 - -11 - (2 + (6 - 4)))?
-25
What is the value of 0 + 60 + -10857 + 10806 + (-133 - (1 - 0))?
-125
What is the value of -249 - -24 - -151 - (1 - 1)?
-74
Evaluate 21 + -2 + 653 + -695 + (4 + 0 - 8).
-27
-1 + -108 + -17 + 23 + 15
-88
Evaluate (5 - -44) + 41 + -96.
-6
What is the value of 9 + ((10 - (-12 - -37)) + 30 - 85)?
-61
Evaluate 30 - (-10 + 2 + -9 + 4 + -2 - -23).
22
What is (-55 + 24 - -12) + (1 + (-22 - -4) - -2)?
-34
Calculate -35 + 41 + -10 - -71 - (-1 + -5).
73
-10 + (2 - -2) + (-34 - (-7 + 13 + -15))
-31
What is the value of (82 - -2) + (-25 - 64) + 86?
81
(12 + -12 - -1) + (0 - 6 - 40)
-45
What is -2 - (-24 + 5) - (-124 - 5 - -65)?
81
Evaluate -19 + (-3 + -17 + -8 - 5).
-52
(-43 - 3) + (-1 - -24)
-23
Calculate (-9 - 0 - (5 + -10) - 3) + 13 + -31.
-25
Calculate (-5 + -3 + 17 - 16 - -8) + -27.
-26
-22 + (-2 - (-7 + -9)) + -32
-40
What is the value of (36 + -33 - -17) + -49?
-29
What is the value of 4 + (0 - (5 - -12) - (187 - 248))?
48
Calculate -2 - -2 - -8 - (89 - (12 - -28)) - -6.
-35
Calculate 138 + -58 + -154 - -19.
-55
(1 - (38 - (14 + 7))) + 106
90
-51 - ((-32 - -59) + -84) - ((2 - 100) + 2)
102
-24 - 114 - -16 - (4 + -46)
-80
Evaluate (630 - 749) + (4 + -7 - (-2 - 17)).
-103
51 + (0 - 2) + -339 + (43 - -284)
37
Calculate 15 + 0 + (-27 - -27) - -31.
46
What is the value of 10 - (4 + -115) - 93?
28
Calculate 111 - (35 + (-6 - -30)).
52
What is the value of (44 - 21 - (139 + 3)) + 16?
-103
What is 6 + -28 + 4 - (443 - 453)?
-8
Evaluate -3 + (4 + -11 + -1 + 0 - (41 - 68)).
16
What is the value of 131 - ((-1 + 11 - 8 - (-9 + 9)) + 14)?
115
Calculate -95 + -55 + 165 - (1 + 135).
-121
-3022 + 3015 + (15 - 1)
7
Evaluate 37 + 36 + -59 - -21.
35
(54 - (-10 - -64)) + -5 + 0 + -65
-70
What is (0 - -1) + 13 - 25 - (-2 + 58)?
-67
-13 - 1 - (-38 - (62 - 61) - 67)
92
What is 51632 + -51638 + 2 + 0 + 2 + 0 + -66?
-68
Calculate 212 - 110 - (-15 + -2 + 2) - (9 + -11).
119
(-9 - 3 - -35) + -14 + -40
-31
Evaluate 10 + (-84 - (50 + -69 + 39)).
-94
Calculate -166 - -163 - 38 - -143.
102
Evaluate -52 - (-512 + 506 + (0 - 13)).
-33
Evaluate 10 + 36 + 15 + -42.
19
-5 + 5 + -8 - -23 - -4
19
What is the value of -37 + (-7 + -2 + 2 - -6 - (-5 - -12))?
-45
What is (-7 - -146) + -9 + (-1 - 36) + 22?
115
What is the value of 0 + (-6 - -11) - (-6 - -29)?
-18
What is -6 + 1 - (-23 + (-1 - -21 - 11) - 53)?
62
What is the value of 7 + (5 - -6) + -37 + -25?
-44
What is 27 - (24 + -24 - -18) - (35 + 2)?
-28
-889 - -868 - ((-26 - 0) + 7)
-2
What is the value of (-66 - -61 - (1 - -2)) + (-14 - -3)?
-19
Calculate 0 - -3 - (12 + 20 + 25).
-54
(-22 + 54 - 13) + 28
47
Calculate 3006 + -3026 + (3 - -68).
51
Evaluate 36 + -26 + 47 + -23.
34
21 - -1 - (35 - -61 - 59)
-15
What is (-16 - -3) + 60 + (-31 + 15 - -25)?
56
What is the value of 8 - (-5 + 5) - 8 - ((1 - -34) + -10)?
-25
What is 6 + (-32 - -84) + -30?
28
Evaluate -59 + -292 + 70 + 131.
-150
Evaluate -6 + -5 + (-45 - (-22 - (-17 + 9))).
-42
What is the value of -18 + 20 + -16 - (-4 + (-5 - -1)) - -58?
52
What is the value of -90 - (-8 - -6) - (3 + -49 + 34)?
-76
Calculate 46 + (39 - 105) - (7 + (-2 - -4)).
-29
What is -6 + (14 - (32 - 18) - -5) + -19?
-20
What is the value of (13 - (53 + 1 + -15)) + -4?
-30
10 + 67 - (254 + -240)
63
Evaluate (5 - 16) + -42 + -116 + 114 + -3 + -1.
-59
What is 2 + (710 - 728 - (1 - -20))?
-37
What is (90 - -2) + 2 + -100 + 311 + -218?
87
Calculate -2 + (0 - 33) + -11 + -15 + 14.
-47
What is the value of 2 + -31 + (-572 - -581) - 18?
-38
Evaluate -2 + -6 + -1 + 16 - (-52 + 19).
40
Calculate (-17 - (-1 - 0)) + 146 + (-23 - 127).
-20
Evaluate 15 - -8 - (54 + -47 - 21).
37
Evaluate -102 - (28 - (-49 - -42)).
-137
Calculate -30 + 23 + -4 + 12 + -12.
-11
What is (1 - (0 + 1)) + (-6556 - -6510)?
-46
1 - 1 - (-1167 - -1191)
-24
What is (-7 - ((-81 - -39) + 40)) + 30?
25
-25 + -9 + 17 + 3 + 59 + -1
44
Evaluate 78 - 68 - (-1 - -11) - -13 - -10.
23
32 + (-69 - (-94 + 11))
46
-56 - (-30 + (9 - (-14 - -6)))
-43
Calculate 115 - ((1 + -10 + 10 - 1) + 17).
98
What is the value of (-20 + 2 - 1) + -491 + 237 + 264?
-9
Calculate (49 - (-27 - -31 - 14)) + -3.
56
Evaluat